{"id":236,"date":"2019-02-05T11:00:14","date_gmt":"2019-02-05T10:00:14","guid":{"rendered":"https:\/\/www.musicrea-jmc.fr\/boutique\/?post_type=product&#038;p=236"},"modified":"2020-05-11T11:40:38","modified_gmt":"2020-05-11T09:40:38","slug":"valse-de-l-empereur-strauss","status":"publish","type":"product","link":"https:\/\/www.musicrea-jmc.fr\/boutique\/produit\/valse-de-l-empereur-strauss\/","title":{"rendered":"VALSE DE L&#8217;EMPEREUR &#8211; J. STRAUSS"},"content":{"rendered":"<p><iframe loading=\"lazy\" src=\"\/\/www.youtube.com\/embed\/FIhtRBmg6Bc\" width=\"560\" height=\"314\" allowfullscreen=\"allowfullscreen\"><\/iframe><\/p>\n<p>&nbsp;<\/p>\n<p>Valse de l&#8217;Empereur &#8211; J. Strauss<\/p>\n<p>Niveau : premi\u00e8res ann\u00e9es de piano.<\/p>\n<ul>\n<li>La partition (pr\u00eate pour l&#8217;impression recto-verso, avec les doigt\u00e9s)<\/li>\n<li>La vid\u00e9o <em>&#8220;A tempo&#8221;<\/em><\/li>\n<li>Le tutoriel vid\u00e9o (double vue clavier et partition d\u00e9roulante)<\/li>\n<\/ul>\n<p><em>Le Pack est disponible par t\u00e9l\u00e9chargement direct.<\/em><\/p>\n","protected":false},"excerpt":{"rendered":"<p>&nbsp; Valse de l&#8217;Empereur &#8211; J. Strauss Niveau : premi\u00e8res ann\u00e9es de piano. La partition (pr\u00eate pour l&#8217;impression recto-verso, avec les doigt\u00e9s) La vid\u00e9o &#8220;A tempo&#8221; Le tutoriel vid\u00e9o (double vue clavier et partition d\u00e9roulante) Le Pack est disponible par t\u00e9l\u00e9chargement direct.<\/p>\n","protected":false},"featured_media":243,"comment_status":"closed","ping_status":"closed","template":"","meta":[],"product_brand":[],"product_cat":[17],"product_tag":[],"class_list":{"0":"post-236","1":"product","2":"type-product","3":"status-publish","4":"has-post-thumbnail","6":"product_cat-les-clefs-du-clavier","8":"first","9":"instock","10":"downloadable","11":"virtual","12":"purchasable","13":"product-type-simple"},"jetpack_sharing_enabled":true,"_links":{"self":[{"href":"https:\/\/www.musicrea-jmc.fr\/boutique\/wp-json\/wp\/v2\/product\/236","targetHints":{"allow":["GET"]}}],"collection":[{"href":"https:\/\/www.musicrea-jmc.fr\/boutique\/wp-json\/wp\/v2\/product"}],"about":[{"href":"https:\/\/www.musicrea-jmc.fr\/boutique\/wp-json\/wp\/v2\/types\/product"}],"replies":[{"embeddable":true,"href":"https:\/\/www.musicrea-jmc.fr\/boutique\/wp-json\/wp\/v2\/comments?post=236"}],"wp:featuredmedia":[{"embeddable":true,"href":"https:\/\/www.musicrea-jmc.fr\/boutique\/wp-json\/wp\/v2\/media\/243"}],"wp:attachment":[{"href":"https:\/\/www.musicrea-jmc.fr\/boutique\/wp-json\/wp\/v2\/media?parent=236"}],"wp:term":[{"taxonomy":"product_brand","embeddable":true,"href":"https:\/\/www.musicrea-jmc.fr\/boutique\/wp-json\/wp\/v2\/product_brand?post=236"},{"taxonomy":"product_cat","embeddable":true,"href":"https:\/\/www.musicrea-jmc.fr\/boutique\/wp-json\/wp\/v2\/product_cat?post=236"},{"taxonomy":"product_tag","embeddable":true,"href":"https:\/\/www.musicrea-jmc.fr\/boutique\/wp-json\/wp\/v2\/product_tag?post=236"}],"curies":[{"name":"wp","href":"https:\/\/api.w.org\/{rel}","templated":true}]}}